its digit of 220962663?
3
What is the millions digit of 339584067?
9
What is the hundred millions digit of 1390362738?
3
What is the units digit of 11195187?
7
What is the ten millions digit of 190634970?
9
What is the hundred thousands digit of 31302177?
3
What is the thousands digit of 212590263?
0
What is the tens digit of 706749144?
4
What is the ten thousands digit of 29309054?
0
What is the units digit of 146559885?
5
What is the ten thousands digit of 63309376?
0
What is the ten thousands digit of 512333571?
3
What is the hundreds digit of 11452106?
1
What is the thousands digit of 32350888?
0
What is the billions digit of 6566171045?
6
What is the hundreds digit of 129025572?
5
What is the ten thousands digit of 368901540?
0
What is the units digit of 63558029?
9
What is the units digit of 1321334393?
3
What is the hundred thousands digit of 135743129?
7
What is the hundred thousands digit of 6203059189?
0
What is the thousands digit of 42158770?
8
What is the hundred thousands digit of 3901036925?
0
What is the hundreds digit of 48020666?
6
What is the hundreds digit of 831444336?
3
What is the tens digit of 23397249?
4
What is the tens digit of 98307906?
0
What is the hundreds digit of 12955460?
4
What is the thousands digit of 1551868270?
8
What is the thousands digit of 18806811?
6
What is the units digit of 2546369533?
3
What is the thousands digit of 86493060?
3
What is the ten millions digit of 9641694306?
4
What is the ten thousands digit of 664643096?
4
What is the billions digit of 7662595963?
7
What is the thousands digit of 1567601700?
1
What is the units digit of 375076063?
3
What is the thousands digit of 445612779?
2
What is the tens digit of 337292798?
9
What is the hundreds digit of 228161976?
9
What is the ten millions digit of 1393677827?
9
What is the billions digit of 1830006045?
1
What is the hundreds digit of 45138798?
7
What is the thousands digit of 955580234?
0
What is the hundred thousands digit of 198151724?
1
What is the tens digit of 790195485?
8
What is the millions digit of 363374959?
3
What is the tens digit of 71734080?
8
What is the units digit of 35050700?
0
What is the ten thousands digit of 77706552?
0
What is the units digit of 16723958?
8
What is the units digit of 4216642241?
1
What is the hundred millions digit of 304683220?
3
What is the hundred millions digit of 2224534391?
2
What is the ten millions digit of 325416179?
2
What is the hundreds digit of 222767334?
3
What is the hundreds digit of 236333047?
0
What is the ten millions digit of 1152333421?
5
What is the ten thousands digit of 2631079253?
7
What is the thousands digit of 27502406?
2
What is the hundred millions digit of 694226154?
6
What is the tens digit of 152454525?
2
What is the millions digit of 29936393?
9
What is the hundred millions digit of 262600683?
2
What is the hundred thousands digit of 636074185?
0
What is the thousands digit of 686841179?
1
What is the ten millions digit of 981095946?
8
What is the millions digit of 48014627?
8
What is the hundreds digit of 5387766?
7
What is the millions digit of 1277648298?
7
What is the millions digit of 5230995589?
0
What is the tens digit of 4123682280?
8
What is the ten thousands digit of 24405491?
0
What is the tens digit of 26354510?
1
What is the tens digit of 3119314625?
2
What is the thousands digit of 751133563?
3
What is the thousands digit of 412418756?
8
What is the ten thousands digit of 4481120467?
2
What is the hundred thousands digit of 90623927?
6
What is the units digit of 48952224?
4
What is the units digit of 4447206572?
2
What is the hundred thousands digit of 13017921?
0
What is the millions digit of 126250480?
6
What is the hundred thousands digit of 53179785?
1
What is the thousands digit of 2714993629?
3
What is the millions digit of 4325024?
4
What is the billions digit of 5668299592?
5
What is the hundred thousands digit of 725525754?
5
What is the hundred thousands digit of 59905963?
9
What is the hundred thousands digit of 3859775143?
7
What is the millions digit of 63764312?
3
What is the tens digit of 1711080972?
7
What is the millions digit of 26603594?
6
What is the tens digit of 418790270?
7
What is the units digit of 235789172?
2
What is the hundreds digit of 521543206?
2
What is the units digit of 310869003?
3
What is the millions digit of 90279703?
0
What is the ten thousands digit of 93139110?
3
What is the millions digit of 7613591133?
3
What is the units digit of 1179531649?
9
What is the hundred millions digit of 115356684?
1
What is the billions digit of 3627590219?
3
What is the hundred thousands digit of 1598951232?
9
What is the thousands digit of 100943936?
3
What is the ten millions digit of 312513235?
1
What is the hundred thousands digit of 2860059?
8
What is the hundreds digit of 548748974?
9
What is the hundred thousands digit of 75024077?
0
What is the tens digit of 16937430?
3
What is the hundreds digit of 1724343248?
2
What is the ten thousands digit of 10729099?
2
What is the ten thousands digit of 239794356?
9
What is the millions digit of 620933467?
0
What is the hundred thousands digit of 472307217?
3
What is the millions digit of 123984665?
3
What is the thousands digit of 51426294?
6
What is the hundreds digit of 42527067?
0
What is the thousands digit of 597693286?
3
What is the ten thousands digit of 16668765?
6
What is the millions digit of 1377955085?
7
What is the tens digit of 97522664?
6
What is the ten thousands digit of 5820084337?
8
What is the hundred millions digit of 419363882?
4
What is the billions digit of 1225575526?
1
What is the thousands digit of 3037754260?
4
What is the units digit of 28958691?
1
What is the hundred thousands digit of 136763703?
7
What is the hundreds digit of 990710?
7
What is the hundreds digit of 66491590?
5
What is the ten thousands digit of 1079245283?
4
What is the ten millions digit of 29371577?
2
What is the units digit of 62341272?
2
What is the thousands digit of 174436408?
6
What is the tens digit of 827836093?
9
What is the hundred thousands digit of 173492660?
4
What is the thousands digit of 41313219?
3
What is the hundred thousands digit of 167677133?
6
What is the ten thousands digit of 1827830085?
3
What is the thousands digit of 32299781?
9
What is the units digit of 6538874073?
3
What is the units digit of 2383879271?
1
What is the millions digit of 4406922?
4
What is the hundred thousands digit of 52785072?
7
What is the millions digit of 321292640?
1
What is the hundreds digit of 604473179?
1
What is the hundred millions digit of 213086339?
2
What is the units digit of 877737414?
4
What is the units digit of 707081100?
0
What is the hundred thousands digit of 372081372?
0
What is the ten thousands digit of 248362522?
6
What is the tens digit of 32055923?
2
What is the ten thousands digit of 1450694853?
9
What is the units digit of 643129808?
8
What is the millions digit of 96283657?
6
What is the millions digit of 2800115655?
0
What is the millions digit of 669014703?
9
What is the units digit of 3442196363?
3
What is the ten millions digit of 1059705049?
5
What is the hundred thousands digit of 170704004?
7
What is the ten thousands digit of 3995492286?
9
What is the ten thousands digit of 142605588?
0
What is the hundreds digit of 667420945?
9
What is the tens digit of 2016337148?
4
What is the thousands digit of 982570431?
0
What is the units digit of 787180179?
9
What is the ten thousands digit of 708578992?
7
What is the thousands digit of 33655899?
5
What is the hundreds digit of 30419303?
3
What is the ten thousands digit of 2853538644?
3
What is the units digit of 2692104791?
1
What is the ten millions digit of 88969607?
8
What is the ten millions digit of 42952377?
4
What is the hundreds digit of 490573992?
9
What is the millions digit of 136361734?
6
What is the thousands digit of 606499214?
9
What is the units digit of 4216921292?
2
What is the ten millions digit of 4662579523?
6
What is the millions digit of 10303214?
0
What is the ten thousands digit of 47888524?
8
What is the hundred millions digit of 1540889476?
5
What is the billions digit of 6584151354?
6
What is the ten thousands digit of 10615604?
1
What is the thousands digit of 44790806